{"id":3757,"date":"2023-07-20T12:13:01","date_gmt":"2023-07-20T10:13:01","guid":{"rendered":"https:\/\/www.villaggiosanpaolo.com\/accommodation\/villette-sole\/"},"modified":"2025-12-19T17:50:56","modified_gmt":"2025-12-19T16:50:56","slug":"villette-sole","status":"publish","type":"accommodation","link":"https:\/\/www.villaggiosanpaolo.com\/de\/accommodation\/villette-sole\/","title":{"rendered":"Villette Sole"},"content":{"rendered":"\n<p>Die <strong>Villette Sole<\/strong>, haupts\u00e4chlich Appartements, sind ideal f\u00fcr Familien mit <strong>3-4 Personen<\/strong>.\n         Diese Wohnungen befinden sich gr\u00f6\u00dftenteils im <strong>Erdgeschoss <\/strong>und verf\u00fcgen \u00fcber einen <strong>herrlichen Au\u00dfenbereich<\/strong>.\n         Die N\u00e4he zum Fu\u00dfballplatz erlaubt es der Jugend, sich in unmittelbarer N\u00e4he zu bewegen.\n        <\/p>\n","protected":false},"excerpt":{"rendered":"<p>Geeignet f\u00fcr Familien von 3-4 Personen<\/p>\n","protected":false},"author":1,"featured_media":2740,"template":"","meta":{"_acf_changed":false,"_seopress_robots_primary_cat":"","_seopress_titles_title":"%%post_title%% %%sep%% %%sitetitle%%\n        ","_seopress_titles_desc":"Die Villette Sole des Villaggio San Paolo in Cavallino (VE) sind ideal f\u00fcr alle, die eine gro\u00dfz\u00fcgige Unterkunft mit einem m\u00f6blierten Au\u00dfenbereich suchen.\n         ","_seopress_robots_index":"","advgb_blocks_editor_width":"","advgb_blocks_columns_visual_guide":"","footnotes":""},"accommodation_categories":[13],"class_list":["post-3757","accommodation","type-accommodation","status-publish","has-post-thumbnail","hentry","entry"],"acf":[],"featured_img":"https:\/\/www.villaggiosanpaolo.com\/wp-content\/uploads\/2023\/03\/villaggio-san-paolo-cavallino-villetta-sole-banner-1568x817.webp","coauthors":[],"author_meta":{"author_link":"https:\/\/www.villaggiosanpaolo.com\/de\/author\/ales-ckgmi8c90\/","display_name":"ales-ckgmi8c90"},"relative_dates":{"created":"Posted 3\u00a0Jahren ago","modified":"Updated 4\u00a0Monaten ago"},"absolute_dates":{"created":"Posted on Juli 20, 2023","modified":"Updated on Dezember 19, 2025"},"absolute_dates_time":{"created":"Posted on Juli 20, 2023 12:13 p.m.","modified":"Updated on Dezember 19, 2025 5:50 p.m."},"featured_img_caption":"","tax_additional":{"accommodation_categories":{"linked":["<a href=\"https:\/\/www.villaggiosanpaolo.com\/de\/accommodation_categories\/villette\/\" class=\"advgb-post-tax-term\">Villette<\/a>"],"unlinked":["<span class=\"advgb-post-tax-term\">Villette<\/span>"],"slug":"accommodation_categories","name":"Kategorien"},"translation_priority":{"linked":["<a href=\"https:\/\/www.villaggiosanpaolo.com\/de\/?taxonomy=translation_priority&#038;term=optional-de\" class=\"advgb-post-tax-term\">Optional<\/a>"],"unlinked":["<span class=\"advgb-post-tax-term\">Optional<\/span>"],"slug":"translation_priority","name":"\u00dcbersetzungspriorit\u00e4ten"}},"series_order":"","_links":{"self":[{"href":"https:\/\/www.villaggiosanpaolo.com\/de\/wp-json\/wp\/v2\/accommodation\/3757","targetHints":{"allow":["GET"]}}],"collection":[{"href":"https:\/\/www.villaggiosanpaolo.com\/de\/wp-json\/wp\/v2\/accommodation"}],"about":[{"href":"https:\/\/www.villaggiosanpaolo.com\/de\/wp-json\/wp\/v2\/types\/accommodation"}],"author":[{"embeddable":true,"href":"https:\/\/www.villaggiosanpaolo.com\/de\/wp-json\/wp\/v2\/users\/1"}],"version-history":[{"count":2,"href":"https:\/\/www.villaggiosanpaolo.com\/de\/wp-json\/wp\/v2\/accommodation\/3757\/revisions"}],"predecessor-version":[{"id":6736,"href":"https:\/\/www.villaggiosanpaolo.com\/de\/wp-json\/wp\/v2\/accommodation\/3757\/revisions\/6736"}],"wp:featuredmedia":[{"embeddable":true,"href":"https:\/\/www.villaggiosanpaolo.com\/de\/wp-json\/wp\/v2\/media\/2740"}],"wp:attachment":[{"href":"https:\/\/www.villaggiosanpaolo.com\/de\/wp-json\/wp\/v2\/media?parent=3757"}],"wp:term":[{"taxonomy":"accommodation_categories","embeddable":true,"href":"https:\/\/www.villaggiosanpaolo.com\/de\/wp-json\/wp\/v2\/accommodation_categories?post=3757"}],"curies":[{"name":"wp","href":"https:\/\/api.w.org\/{rel}","templated":true}]}}

<p>Die <strong>Villette Sole</strong>, hauptsächlich Appartements, sind ideal für Familien mit <strong>3-4 Personen</strong>.
         Diese Wohnungen befinden sich größtenteils im <strong>Erdgeschoss </strong>und verfügen über einen <strong>herrlichen Außenbereich</strong>.
         Die Nähe zum Fußballplatz erlaubt es der Jugend, sich in unmittelbarer Nähe zu bewegen.
        </p>

<p>Geeignet für Familien von 3-4 Personen</p>

Die Villette Sole des Villaggio San Paolo in Cavallino (VE) sind ideal für alle, die eine großzügige Unterkunft mit einem möblierten Außenbereich suchen.

Übersetzungsprioritäten
