{"id":3870,"date":"2023-07-20T12:13:16","date_gmt":"2023-07-20T10:13:16","guid":{"rendered":"https:\/\/www.villaggiosanpaolo.com\/offer\/suesser-september\/"},"modified":"2025-10-13T15:41:54","modified_gmt":"2025-10-13T13:41:54","slug":"suesser-september","status":"publish","type":"offer","link":"https:\/\/www.villaggiosanpaolo.com\/de\/offer\/suesser-september\/","title":{"rendered":"S\u00fc\u00dfer September"},"content":{"rendered":"<div  class=\"grids-section grids-is-advanced alignwide\" style=\"--_gs-gap-desktop:0px 0px;--_gs-m-desktop:0 0 0 0;--_gs-p-desktop:0 0 0 0;--_gs-bg-desktop:transparent none;--_gs-bg-xp-desktop:0px;--_gs-zi-desktop:auto;--_gs-d-desktop:block;--_gs-mw-desktop:calc(100% - 0 - 0);--_gs-gap-tablet:0px 0px;--_gs-m-tablet:0 0 0 0;--_gs-p-tablet:0 0 0 0;--_gs-bg-tablet:transparent none;--_gs-bg-xp-tablet:0px;--_gs-zi-tablet:auto;--_gs-d-tablet:block;--_gs-mw-tablet:calc(100% - 0 - 0);--_gs-gap-mobile:0px 0px;--_gs-m-mobile:0 0 0 0;--_gs-p-mobile:0 0 0 0;--_gs-bg-mobile:transparent none;--_gs-bg-xp-mobile:0px;--_gs-zi-mobile:auto;--_gs-d-mobile:block;--_gs-mw-mobile:calc(100% - 0 - 0);--_gs-columns:12;--_gs-rows:6\"><div class=\"grids-s-w_i\">\n<div class=\"grids-area\" style=\"--_ga-column:1\/13;--_ga-row:1\/7;--_ga-m-desktop:0 0 0 0;--_ga-p-desktop:0 0 0 0;--_ga-bg-desktop:transparent none;--_ga-zi-desktop:auto;--_ga-d-desktop:flex;--_ga-mw-desktop:calc(100% - 0 - 0);--_ga-m-tablet:0 0 0 0;--_ga-p-tablet:0 0 0 0;--_ga-bg-tablet:transparent none;--_ga-zi-tablet:auto;--_ga-d-tablet:flex;--_ga-mw-tablet:calc(100% - 0 - 0);--_ga-m-mobile:0 0 0 0;--_ga-p-mobile:0 0 0 0;--_ga-bg-mobile:transparent none;--_ga-zi-mobile:auto;--_ga-d-mobile:flex;--_ga-mw-mobile:calc(100% - 0 - 0)\">\n\n<h1 class=\"wp-block-heading has-text-align-center\">S\u00fc\u00dfer September\n        <\/h1>\n\n\n\n<p class=\"has-text-align-center\"><strong>10% Rabatt<\/strong> auf \u00dcbernachtung und kostenloser Strandplatz (vorbehaltlich der Verf\u00fcgbarkeit) bei einem Aufenthalt von mindestens <strong>3 N\u00e4chten<\/strong>.<\/p>\n\n\n\n<p class=\"has-text-align-center\">*G\u00fcltig f\u00fcr Aufenthalte <strong>zwischen dem 5. und dem 29. September<\/strong><\/p>\n\n\n\n<div class=\"wp-block-buttons is-content-justification-center is-layout-flex wp-container-core-buttons-is-layout-16018d1d wp-block-buttons-is-layout-flex\">\n<div class=\"wp-block-button\"><a class=\"wp-block-button__link wp-element-button\" href=\"https:\/\/be.bookingexpert.it\/book\/home\/single?layout=16868&amp;lang=it&amp;currency=EUR&amp;searchId=8c0ee578-652d-4990-b380-88aa8731472e&amp;nsid=687ac0f7-38f8-4404-9e1a-532f0f528645&amp;searchId=8c0ee578-652d-4990-b380-88aa8731472e\">Buchen\n        <\/a><\/div>\n<\/div>\n\n<\/div>\n<\/div><\/div>","protected":false},"excerpt":{"rendered":"<p>10% Rabatt auf \u00dcbernachtung und kostenloser Strandplatz von 5\/09 bis 29\/09<\/p>\n","protected":false},"author":1,"featured_media":5841,"template":"","meta":{"_acf_changed":false,"_seopress_robots_primary_cat":"","_seopress_titles_title":"%%post_title%% %%sep%% %%sitetitle%%\n        ","_seopress_titles_desc":"10% Rabatt auf \u00dcbernachtung und kostenloser Strandplatz bei einem Aufenthalt von mindestens 3 N\u00e4chten.\n         Reservierungen vom 1. bis 18. September.\n        ","_seopress_robots_index":"","advgb_blocks_editor_width":"","advgb_blocks_columns_visual_guide":"","footnotes":""},"offer_categories":[18],"class_list":["post-3870","offer","type-offer","status-publish","has-post-thumbnail","hentry","entry"],"acf":[],"featured_img":"https:\/\/www.villaggiosanpaolo.com\/wp-content\/uploads\/2023\/03\/sito-promozioni-10-1568x1045.jpg","coauthors":[],"author_meta":{"author_link":"https:\/\/www.villaggiosanpaolo.com\/de\/author\/ales-ckgmi8c90\/","display_name":"ales-ckgmi8c90"},"relative_dates":{"created":"Posted 3\u00a0Jahren ago","modified":"Updated 7\u00a0Monaten ago"},"absolute_dates":{"created":"Posted on Juli 20, 2023","modified":"Updated on Oktober 13, 2025"},"absolute_dates_time":{"created":"Posted on Juli 20, 2023 12:13 p.m.","modified":"Updated on Oktober 13, 2025 3:41 p.m."},"featured_img_caption":"","tax_additional":{"offer_categories":{"linked":["<a href=\"https:\/\/www.villaggiosanpaolo.com\/de\/offer_categories\/unita-abitative\/\" class=\"advgb-post-tax-term\">Unit\u00e0 abitative<\/a>"],"unlinked":["<span class=\"advgb-post-tax-term\">Unit\u00e0 abitative<\/span>"],"slug":"offer_categories","name":"Kategorien"},"translation_priority":{"linked":["<a href=\"https:\/\/www.villaggiosanpaolo.com\/de\/?taxonomy=translation_priority&#038;term=optional-de\" class=\"advgb-post-tax-term\">Optional<\/a>"],"unlinked":["<span class=\"advgb-post-tax-term\">Optional<\/span>"],"slug":"translation_priority","name":"\u00dcbersetzungspriorit\u00e4ten"}},"series_order":"","_links":{"self":[{"href":"https:\/\/www.villaggiosanpaolo.com\/de\/wp-json\/wp\/v2\/offer\/3870","targetHints":{"allow":["GET"]}}],"collection":[{"href":"https:\/\/www.villaggiosanpaolo.com\/de\/wp-json\/wp\/v2\/offer"}],"about":[{"href":"https:\/\/www.villaggiosanpaolo.com\/de\/wp-json\/wp\/v2\/types\/offer"}],"author":[{"embeddable":true,"href":"https:\/\/www.villaggiosanpaolo.com\/de\/wp-json\/wp\/v2\/users\/1"}],"version-history":[{"count":8,"href":"https:\/\/www.villaggiosanpaolo.com\/de\/wp-json\/wp\/v2\/offer\/3870\/revisions"}],"predecessor-version":[{"id":6427,"href":"https:\/\/www.villaggiosanpaolo.com\/de\/wp-json\/wp\/v2\/offer\/3870\/revisions\/6427"}],"wp:featuredmedia":[{"embeddable":true,"href":"https:\/\/www.villaggiosanpaolo.com\/de\/wp-json\/wp\/v2\/media\/5841"}],"wp:attachment":[{"href":"https:\/\/www.villaggiosanpaolo.com\/de\/wp-json\/wp\/v2\/media?parent=3870"}],"wp:term":[{"taxonomy":"offer_categories","embeddable":true,"href":"https:\/\/www.villaggiosanpaolo.com\/de\/wp-json\/wp\/v2\/offer_categories?post=3870"}],"curies":[{"name":"wp","href":"https:\/\/api.w.org\/{rel}","templated":true}]}}

Süßer September

<div  class="grids-section grids-is-advanced alignwide" style="--_gs-gap-desktop:0px 0px;--_gs-m-desktop:0 0 0 0;--_gs-p-desktop:0 0 0 0;--_gs-bg-desktop:transparent none;--_gs-bg-xp-desktop:0px;--_gs-zi-desktop:auto;--_gs-d-desktop:block;--_gs-mw-desktop:calc(100% - 0 - 0);--_gs-gap-tablet:0px 0px;--_gs-m-tablet:0 0 0 0;--_gs-p-tablet:0 0 0 0;--_gs-bg-tablet:transparent none;--_gs-bg-xp-tablet:0px;--_gs-zi-tablet:auto;--_gs-d-tablet:block;--_gs-mw-tablet:calc(100% - 0 - 0);--_gs-gap-mobile:0px 0px;--_gs-m-mobile:0 0 0 0;--_gs-p-mobile:0 0 0 0;--_gs-bg-mobile:transparent none;--_gs-bg-xp-mobile:0px;--_gs-zi-mobile:auto;--_gs-d-mobile:block;--_gs-mw-mobile:calc(100% - 0 - 0);--_gs-columns:12;--_gs-rows:6"><div class="grids-s-w_i">
<div class="grids-area" style="--_ga-column:1/13;--_ga-row:1/7;--_ga-m-desktop:0 0 0 0;--_ga-p-desktop:0 0 0 0;--_ga-bg-desktop:transparent none;--_ga-zi-desktop:auto;--_ga-d-desktop:flex;--_ga-mw-desktop:calc(100% - 0 - 0);--_ga-m-tablet:0 0 0 0;--_ga-p-tablet:0 0 0 0;--_ga-bg-tablet:transparent none;--_ga-zi-tablet:auto;--_ga-d-tablet:flex;--_ga-mw-tablet:calc(100% - 0 - 0);--_ga-m-mobile:0 0 0 0;--_ga-p-mobile:0 0 0 0;--_ga-bg-mobile:transparent none;--_ga-zi-mobile:auto;--_ga-d-mobile:flex;--_ga-mw-mobile:calc(100% - 0 - 0)">

<h1 class="wp-block-heading has-text-align-center">Süßer September
        </h1>



<p class="has-text-align-center"><strong>10% Rabatt</strong> auf Übernachtung und kostenloser Strandplatz (vorbehaltlich der Verfügbarkeit) bei einem Aufenthalt von mindestens <strong>3 Nächten</strong>.</p>



<p class="has-text-align-center">*Gültig für Aufenthalte <strong>zwischen dem 5. und dem 29. September</strong></p>



<div class="wp-block-buttons is-content-justification-center is-layout-flex wp-container-core-buttons-is-layout-16018d1d wp-block-buttons-is-layout-flex">
<div class="wp-block-button"><a class="wp-block-button__link wp-element-button" href="https://be.bookingexpert.it/book/home/single?layout=16868&amp;lang=it&amp;currency=EUR&amp;searchId=8c0ee578-652d-4990-b380-88aa8731472e&amp;nsid=687ac0f7-38f8-4404-9e1a-532f0f528645&amp;searchId=8c0ee578-652d-4990-b380-88aa8731472e">Buchen
        </a></div>
</div>

</div>
</div></div>

<p>10% Rabatt auf Übernachtung und kostenloser Strandplatz von 5/09 bis 29/09</p>

10% Rabatt auf Übernachtung und kostenloser Strandplatz bei einem Aufenthalt von mindestens 3 Nächten.
         Reservierungen vom 1. bis 18. September.

<a href="https://www.villaggiosanpaolo.com/de/offer_categories/unita-abitative/" class="advgb-post-tax-term">Unità abitative</a>

<span class="advgb-post-tax-term">Unità abitative</span>

Übersetzungsprioritäten
