{"id":3760,"date":"2023-07-20T12:13:01","date_gmt":"2023-07-20T10:13:01","guid":{"rendered":"https:\/\/www.villaggiosanpaolo.com\/accommodation\/villas-lio-piccolo\/"},"modified":"2026-04-21T11:59:30","modified_gmt":"2026-04-21T09:59:30","slug":"villas-lio-piccolo","status":"publish","type":"accommodation","link":"https:\/\/www.villaggiosanpaolo.com\/fr\/accommodation\/villas-lio-piccolo\/","title":{"rendered":"Villas Lio Piccolo"},"content":{"rendered":"\n<p>Des appartements <strong>d&rsquo;une pi\u00e8ce <\/strong>et des appartements<strong> de deux pi\u00e8ces<\/strong> \u00e0 proximit\u00e9 des principaux services, offrant diff\u00e9rentes solutions de logement et pouvant accueillir de <strong>2 \u00e0 5 personnes<\/strong>. Tous situ\u00e9s au <strong>rez-de-chauss\u00e9e<\/strong>, ils assurent des vacances en contact avec la nature \u00e0 l&rsquo;ombre de pergolas <strong>\u00e9quip\u00e9es de tables et de chaises<\/strong>. <\/p>\n","protected":false},"excerpt":{"rendered":"<p>Avec v\u00e9randa ext\u00e9rieure am\u00e9nag\u00e9e  <\/p>\n","protected":false},"author":1,"featured_media":2793,"template":"","meta":{"_acf_changed":false,"_seopress_robots_primary_cat":"","_seopress_titles_title":"%%post_title%% %%sep%% %%sitetitle%% ","_seopress_titles_desc":"Les villas Lio Piccolo du Villaggio San Paolo \u00e0 Cavallino (VE) assurent des vacances en contact avec la nature \u00e0 l'ombre de pergolas \u00e9quip\u00e9es de tables et de chaises.  ","_seopress_robots_index":"","advgb_blocks_editor_width":"","advgb_blocks_columns_visual_guide":"","footnotes":""},"accommodation_categories":[13],"class_list":["post-3760","accommodation","type-accommodation","status-publish","has-post-thumbnail","hentry","entry"],"acf":[],"featured_img":"https:\/\/www.villaggiosanpaolo.com\/wp-content\/uploads\/2023\/05\/villagio-san-paolo-cavallino-villetta-lio-piccolo-banner-1568x784.jpg","coauthors":[],"author_meta":{"author_link":"https:\/\/www.villaggiosanpaolo.com\/fr\/author\/ales-ckgmi8c90\/","display_name":"ales-ckgmi8c90"},"relative_dates":{"created":"Publi\u00e9 3 ans il y a","modified":"Mis \u00e0 jour 1 semaine il y a"},"absolute_dates":{"created":"Publi\u00e9 le juillet 20, 2023","modified":"Mise \u00e0 jour le avril 21, 2026"},"absolute_dates_time":{"created":"Publi\u00e9 le juillet 20, 2023 12:13 pm","modified":"Mise \u00e0 jour le avril 21, 2026 11:59 am"},"featured_img_caption":"","tax_additional":{"accommodation_categories":{"linked":["<a href=\"https:\/\/www.villaggiosanpaolo.com\/fr\/accommodation_categories\/villette\/\" class=\"advgb-post-tax-term\">Villette<\/a>"],"unlinked":["<span class=\"advgb-post-tax-term\">Villette<\/span>"],"slug":"accommodation_categories","name":"Cat\u00e9gories"},"translation_priority":{"linked":["<a href=\"https:\/\/www.villaggiosanpaolo.com\/fr\/?taxonomy=translation_priority&#038;term=facultatif\" class=\"advgb-post-tax-term\">Facultatif<\/a>"],"unlinked":["<span class=\"advgb-post-tax-term\">Facultatif<\/span>"],"slug":"translation_priority","name":"Priorit\u00e9s de traduction"}},"series_order":"","_links":{"self":[{"href":"https:\/\/www.villaggiosanpaolo.com\/fr\/wp-json\/wp\/v2\/accommodation\/3760","targetHints":{"allow":["GET"]}}],"collection":[{"href":"https:\/\/www.villaggiosanpaolo.com\/fr\/wp-json\/wp\/v2\/accommodation"}],"about":[{"href":"https:\/\/www.villaggiosanpaolo.com\/fr\/wp-json\/wp\/v2\/types\/accommodation"}],"author":[{"embeddable":true,"href":"https:\/\/www.villaggiosanpaolo.com\/fr\/wp-json\/wp\/v2\/users\/1"}],"version-history":[{"count":3,"href":"https:\/\/www.villaggiosanpaolo.com\/fr\/wp-json\/wp\/v2\/accommodation\/3760\/revisions"}],"predecessor-version":[{"id":7141,"href":"https:\/\/www.villaggiosanpaolo.com\/fr\/wp-json\/wp\/v2\/accommodation\/3760\/revisions\/7141"}],"wp:featuredmedia":[{"embeddable":true,"href":"https:\/\/www.villaggiosanpaolo.com\/fr\/wp-json\/wp\/v2\/media\/2793"}],"wp:attachment":[{"href":"https:\/\/www.villaggiosanpaolo.com\/fr\/wp-json\/wp\/v2\/media?parent=3760"}],"wp:term":[{"taxonomy":"accommodation_categories","embeddable":true,"href":"https:\/\/www.villaggiosanpaolo.com\/fr\/wp-json\/wp\/v2\/accommodation_categories?post=3760"}],"curies":[{"name":"wp","href":"https:\/\/api.w.org\/{rel}","templated":true}]}}

<p>Des appartements <strong>d&rsquo;une pièce </strong>et des appartements<strong> de deux pièces</strong> à proximité des principaux services, offrant différentes solutions de logement et pouvant accueillir de <strong>2 à 5 personnes</strong>. Tous situés au <strong>rez-de-chaussée</strong>, ils assurent des vacances en contact avec la nature à l&rsquo;ombre de pergolas <strong>équipées de tables et de chaises</strong>. </p>

<p>Avec véranda extérieure aménagée  </p>

Les villas Lio Piccolo du Villaggio San Paolo à Cavallino (VE) assurent des vacances en contact avec la nature à l'ombre de pergolas équipées de tables et de chaises.

Publié 3 ans il y a

Mis à jour 1 semaine il y a

Publié le juillet 20, 2023

Mise à jour le avril 21, 2026

Publié le juillet 20, 2023 12:13 pm

Mise à jour le avril 21, 2026 11:59 am

Catégories

Priorités de traduction
