{"id":4208,"date":"2023-07-28T14:17:11","date_gmt":"2023-07-28T12:17:11","guid":{"rendered":"https:\/\/www.villaggiosanpaolo.com\/event\/beach-on-fire\/"},"modified":"2025-03-19T13:05:29","modified_gmt":"2025-03-19T12:05:29","slug":"beach-on-fire","status":"publish","type":"event","link":"https:\/\/www.villaggiosanpaolo.com\/fr\/event\/beach-on-fire\/","title":{"rendered":"Beach on fire"},"content":{"rendered":"<div  class=\"grids-section grids-is-advanced alignwide\" style=\"--_gs-gap-desktop:0px 0px;--_gs-m-desktop:0 0 0 0;--_gs-p-desktop:0 0 0 0;--_gs-bg-desktop:transparent none;--_gs-bg-xp-desktop:0px;--_gs-zi-desktop:auto;--_gs-d-desktop:block;--_gs-mw-desktop:calc(100% - 0 - 0);--_gs-gap-tablet:0px 0px;--_gs-m-tablet:0 0 0 0;--_gs-p-tablet:0 0 0 0;--_gs-bg-tablet:transparent none;--_gs-bg-xp-tablet:0px;--_gs-zi-tablet:auto;--_gs-d-tablet:block;--_gs-mw-tablet:calc(100% - 0 - 0);--_gs-gap-mobile:0px 0px;--_gs-m-mobile:0 0 0 0;--_gs-p-mobile:0 0 0 0;--_gs-bg-mobile:transparent none;--_gs-bg-xp-mobile:0px;--_gs-zi-mobile:auto;--_gs-d-mobile:block;--_gs-mw-mobile:calc(100% - 0 - 0);--_gs-columns:12;--_gs-rows:6\"><div class=\"grids-s-w_i\">\n<div class=\"grids-area\" style=\"--_ga-column:1\/14;--_ga-row:1\/8;--_ga-m-desktop:0 0 0 0;--_ga-p-desktop:0 0 0 0;--_ga-bg-desktop:transparent none;--_ga-zi-desktop:auto;--_ga-d-desktop:flex;--_ga-mw-desktop:calc(100% - 0 - 0);--_ga-m-tablet:0 0 0 0;--_ga-p-tablet:0 0 0 0;--_ga-bg-tablet:transparent none;--_ga-zi-tablet:auto;--_ga-d-tablet:flex;--_ga-mw-tablet:calc(100% - 0 - 0);--_ga-m-mobile:0 0 0 0;--_ga-p-mobile:0 0 0 0;--_ga-bg-mobile:transparent none;--_ga-zi-mobile:auto;--_ga-d-mobile:flex;--_ga-mw-mobile:calc(100% - 0 - 0)\">\n\n<h1 class=\"wp-block-heading has-text-align-center\">Beach on fire<\/h1>\n\n\n\n<p class=\"has-text-align-center\">Le plus long feu d&rsquo;artifice du monde avec une douzaine de stations pyrotechniques situ\u00e9es sur les 13 km de c\u00f4te qui illuminent le littoral et la mer Adriatique en parfaite synchronisation, procurant des sensations inoubliables. Traditionnellement, l&rsquo;\u00e9v\u00e9nement c\u00e9l\u00e8bre la fin des mois d&rsquo;\u00e9t\u00e9 et se tient le dernier samedi du mois d&rsquo;ao\u00fbt.<\/p>\n\n<\/div>\n<\/div><\/div>","protected":false},"excerpt":{"rendered":"<p>Le dernier samedi d&rsquo;ao\u00fbt \u00e0 Cavallino<\/p>\n","protected":false},"author":1,"featured_media":3065,"template":"","meta":{"_acf_changed":false,"_seopress_robots_primary_cat":"","_seopress_titles_title":"%%post_title%% %%sep%% %%sitetitle%%","_seopress_titles_desc":"Le plus long feu d'artifice du monde, avec une douzaine de stations situ\u00e9es sur les 13 km de plage le long du littoral, illumine le littoral et la mer Adriatique en parfaite synchronisation, procurant d'incroyables sensations.","_seopress_robots_index":"","advgb_blocks_editor_width":"","advgb_blocks_columns_visual_guide":"","footnotes":""},"class_list":["post-4208","event","type-event","status-publish","has-post-thumbnail","hentry","entry"],"acf":[],"featured_img":"https:\/\/www.villaggiosanpaolo.com\/wp-content\/uploads\/2023\/06\/villagio-san-paolo-cavallino-eventi-banner-03-2-1568x784.jpg","coauthors":[],"author_meta":{"author_link":"https:\/\/www.villaggiosanpaolo.com\/fr\/author\/ales-ckgmi8c90\/","display_name":"ales-ckgmi8c90"},"relative_dates":{"created":"Publi\u00e9 3 ans il y a","modified":"Mis \u00e0 jour 1 an il y a"},"absolute_dates":{"created":"Publi\u00e9 le juillet 28, 2023","modified":"Mise \u00e0 jour le mars 19, 2025"},"absolute_dates_time":{"created":"Publi\u00e9 le juillet 28, 2023 2:17 pm","modified":"Mise \u00e0 jour le mars 19, 2025 1:05 pm"},"featured_img_caption":"","tax_additional":{"translation_priority":{"linked":["<a href=\"https:\/\/www.villaggiosanpaolo.com\/fr\/?taxonomy=translation_priority&#038;term=facultatif\" class=\"advgb-post-tax-term\">Facultatif<\/a>"],"unlinked":["<span class=\"advgb-post-tax-term\">Facultatif<\/span>"],"slug":"translation_priority","name":"Priorit\u00e9s de traduction"}},"series_order":"","_links":{"self":[{"href":"https:\/\/www.villaggiosanpaolo.com\/fr\/wp-json\/wp\/v2\/event\/4208","targetHints":{"allow":["GET"]}}],"collection":[{"href":"https:\/\/www.villaggiosanpaolo.com\/fr\/wp-json\/wp\/v2\/event"}],"about":[{"href":"https:\/\/www.villaggiosanpaolo.com\/fr\/wp-json\/wp\/v2\/types\/event"}],"author":[{"embeddable":true,"href":"https:\/\/www.villaggiosanpaolo.com\/fr\/wp-json\/wp\/v2\/users\/1"}],"version-history":[{"count":6,"href":"https:\/\/www.villaggiosanpaolo.com\/fr\/wp-json\/wp\/v2\/event\/4208\/revisions"}],"predecessor-version":[{"id":5807,"href":"https:\/\/www.villaggiosanpaolo.com\/fr\/wp-json\/wp\/v2\/event\/4208\/revisions\/5807"}],"wp:featuredmedia":[{"embeddable":true,"href":"https:\/\/www.villaggiosanpaolo.com\/fr\/wp-json\/wp\/v2\/media\/3065"}],"wp:attachment":[{"href":"https:\/\/www.villaggiosanpaolo.com\/fr\/wp-json\/wp\/v2\/media?parent=4208"}],"curies":[{"name":"wp","href":"https:\/\/api.w.org\/{rel}","templated":true}]}}

<div  class="grids-section grids-is-advanced alignwide" style="--_gs-gap-desktop:0px 0px;--_gs-m-desktop:0 0 0 0;--_gs-p-desktop:0 0 0 0;--_gs-bg-desktop:transparent none;--_gs-bg-xp-desktop:0px;--_gs-zi-desktop:auto;--_gs-d-desktop:block;--_gs-mw-desktop:calc(100% - 0 - 0);--_gs-gap-tablet:0px 0px;--_gs-m-tablet:0 0 0 0;--_gs-p-tablet:0 0 0 0;--_gs-bg-tablet:transparent none;--_gs-bg-xp-tablet:0px;--_gs-zi-tablet:auto;--_gs-d-tablet:block;--_gs-mw-tablet:calc(100% - 0 - 0);--_gs-gap-mobile:0px 0px;--_gs-m-mobile:0 0 0 0;--_gs-p-mobile:0 0 0 0;--_gs-bg-mobile:transparent none;--_gs-bg-xp-mobile:0px;--_gs-zi-mobile:auto;--_gs-d-mobile:block;--_gs-mw-mobile:calc(100% - 0 - 0);--_gs-columns:12;--_gs-rows:6"><div class="grids-s-w_i">
<div class="grids-area" style="--_ga-column:1/14;--_ga-row:1/8;--_ga-m-desktop:0 0 0 0;--_ga-p-desktop:0 0 0 0;--_ga-bg-desktop:transparent none;--_ga-zi-desktop:auto;--_ga-d-desktop:flex;--_ga-mw-desktop:calc(100% - 0 - 0);--_ga-m-tablet:0 0 0 0;--_ga-p-tablet:0 0 0 0;--_ga-bg-tablet:transparent none;--_ga-zi-tablet:auto;--_ga-d-tablet:flex;--_ga-mw-tablet:calc(100% - 0 - 0);--_ga-m-mobile:0 0 0 0;--_ga-p-mobile:0 0 0 0;--_ga-bg-mobile:transparent none;--_ga-zi-mobile:auto;--_ga-d-mobile:flex;--_ga-mw-mobile:calc(100% - 0 - 0)">

<h1 class="wp-block-heading has-text-align-center">Beach on fire</h1>



<p class="has-text-align-center">Le plus long feu d&rsquo;artifice du monde avec une douzaine de stations pyrotechniques situées sur les 13 km de côte qui illuminent le littoral et la mer Adriatique en parfaite synchronisation, procurant des sensations inoubliables. Traditionnellement, l&rsquo;événement célèbre la fin des mois d&rsquo;été et se tient le dernier samedi du mois d&rsquo;août.</p>

</div>
</div></div>

<p>Le dernier samedi d&rsquo;août à Cavallino</p>

Le plus long feu d'artifice du monde, avec une douzaine de stations situées sur les 13 km de plage le long du littoral, illumine le littoral et la mer Adriatique en parfaite synchronisation, procurant d'incroyables sensations.

Publié 3 ans il y a

Mis à jour 1 an il y a

Publié le juillet 28, 2023

Mise à jour le mars 19, 2025

Publié le juillet 28, 2023 2:17 pm

Mise à jour le mars 19, 2025 1:05 pm

Priorités de traduction
