{"id":4218,"date":"2023-07-28T14:20:40","date_gmt":"2023-07-28T12:20:40","guid":{"rendered":"https:\/\/www.villaggiosanpaolo.com\/event\/fete-de-sparesea\/"},"modified":"2023-07-28T15:13:18","modified_gmt":"2023-07-28T13:13:18","slug":"fete-de-sparesea","status":"publish","type":"event","link":"https:\/\/www.villaggiosanpaolo.com\/fr\/event\/fete-de-sparesea\/","title":{"rendered":"F\u00eate de \u00ab\u00a0sparesea\u00a0\u00bb"},"content":{"rendered":"<div  class=\"grids-section grids-is-advanced alignwide\" style=\"--_gs-gap-desktop:0px 0px;--_gs-m-desktop:0 0 0 0;--_gs-p-desktop:0 0 0 0;--_gs-bg-desktop:transparent none;--_gs-bg-xp-desktop:0px;--_gs-zi-desktop:auto;--_gs-d-desktop:block;--_gs-mw-desktop:calc(100% - 0 - 0);--_gs-gap-tablet:0px 0px;--_gs-m-tablet:0 0 0 0;--_gs-p-tablet:0 0 0 0;--_gs-bg-tablet:transparent none;--_gs-bg-xp-tablet:0px;--_gs-zi-tablet:auto;--_gs-d-tablet:block;--_gs-mw-tablet:calc(100% - 0 - 0);--_gs-gap-mobile:0px 0px;--_gs-m-mobile:0 0 0 0;--_gs-p-mobile:0 0 0 0;--_gs-bg-mobile:transparent none;--_gs-bg-xp-mobile:0px;--_gs-zi-mobile:auto;--_gs-d-mobile:block;--_gs-mw-mobile:calc(100% - 0 - 0);--_gs-columns:12;--_gs-rows:6\"><div class=\"grids-s-w_i\">\n<div class=\"grids-area\" style=\"--_ga-column:1\/14;--_ga-row:1\/8;--_ga-m-desktop:0 0 0 0;--_ga-p-desktop:0 0 0 0;--_ga-bg-desktop:transparent none;--_ga-zi-desktop:auto;--_ga-d-desktop:flex;--_ga-mw-desktop:calc(100% - 0 - 0);--_ga-m-tablet:0 0 0 0;--_ga-p-tablet:0 0 0 0;--_ga-bg-tablet:transparent none;--_ga-zi-tablet:auto;--_ga-d-tablet:flex;--_ga-mw-tablet:calc(100% - 0 - 0);--_ga-m-mobile:0 0 0 0;--_ga-p-mobile:0 0 0 0;--_ga-bg-mobile:transparent none;--_ga-zi-mobile:auto;--_ga-d-mobile:flex;--_ga-mw-mobile:calc(100% - 0 - 0)\">\n\n<h1 class=\"wp-block-heading has-text-align-center\">F\u00eate de \u00ab\u00a0sparesea\u00a0\u00bb<\/h1>\n\n\n\n<p class=\"has-text-align-center\">Il s&rsquo;agit de la f\u00eate traditionnelle c\u00e9l\u00e9br\u00e9e \u00e0 Cavallino \u00e0 l&rsquo;occasion de la f\u00eate des travailleurs (1er mai), qui met \u00e0 l&rsquo;honneur l&rsquo;asperge, l\u00e9gume typique de la c\u00f4te \u00e0 cette \u00e9poque.<\/p>\n\n<\/div>\n<\/div><\/div>","protected":false},"excerpt":{"rendered":"<p>1 mai \u00e0 Cavallino<\/p>\n","protected":false},"author":1,"featured_media":3041,"template":"","meta":{"_acf_changed":false,"_seopress_robots_primary_cat":"","_seopress_titles_title":"%%post_title%% %%sep%% %%sitetitle%%","_seopress_titles_desc":"Il s'agit de la f\u00eate traditionnelle c\u00e9l\u00e9br\u00e9e \u00e0 Cavallino \u00e0 l'occasion de la f\u00eate des travailleurs (1er mai), qui met \u00e0 l'honneur l'asperge, l\u00e9gume typique de la c\u00f4te \u00e0 cette \u00e9poque.","_seopress_robots_index":"","advgb_blocks_editor_width":"","advgb_blocks_columns_visual_guide":"","footnotes":""},"class_list":["post-4218","event","type-event","status-publish","has-post-thumbnail","hentry","entry"],"acf":[],"featured_img":"https:\/\/www.villaggiosanpaolo.com\/wp-content\/uploads\/2023\/04\/villagio-san-paolo-cavallino-festa-della-sparesea-01-1568x784.jpg","coauthors":[],"author_meta":{"author_link":"https:\/\/www.villaggiosanpaolo.com\/fr\/author\/ales-ckgmi8c90\/","display_name":"ales-ckgmi8c90"},"relative_dates":{"created":"Publi\u00e9 3 ans il y a","modified":"Mis \u00e0 jour 3 ans il y a"},"absolute_dates":{"created":"Publi\u00e9 le juillet 28, 2023","modified":"Mise \u00e0 jour le juillet 28, 2023"},"absolute_dates_time":{"created":"Publi\u00e9 le juillet 28, 2023 2:20 pm","modified":"Mise \u00e0 jour le juillet 28, 2023 3:13 pm"},"featured_img_caption":"","tax_additional":{"translation_priority":{"linked":["<a href=\"https:\/\/www.villaggiosanpaolo.com\/fr\/?taxonomy=translation_priority&#038;term=facultatif\" class=\"advgb-post-tax-term\">Facultatif<\/a>"],"unlinked":["<span class=\"advgb-post-tax-term\">Facultatif<\/span>"],"slug":"translation_priority","name":"Priorit\u00e9s de traduction"}},"series_order":"","_links":{"self":[{"href":"https:\/\/www.villaggiosanpaolo.com\/fr\/wp-json\/wp\/v2\/event\/4218","targetHints":{"allow":["GET"]}}],"collection":[{"href":"https:\/\/www.villaggiosanpaolo.com\/fr\/wp-json\/wp\/v2\/event"}],"about":[{"href":"https:\/\/www.villaggiosanpaolo.com\/fr\/wp-json\/wp\/v2\/types\/event"}],"author":[{"embeddable":true,"href":"https:\/\/www.villaggiosanpaolo.com\/fr\/wp-json\/wp\/v2\/users\/1"}],"version-history":[{"count":2,"href":"https:\/\/www.villaggiosanpaolo.com\/fr\/wp-json\/wp\/v2\/event\/4218\/revisions"}],"predecessor-version":[{"id":4237,"href":"https:\/\/www.villaggiosanpaolo.com\/fr\/wp-json\/wp\/v2\/event\/4218\/revisions\/4237"}],"wp:featuredmedia":[{"embeddable":true,"href":"https:\/\/www.villaggiosanpaolo.com\/fr\/wp-json\/wp\/v2\/media\/3041"}],"wp:attachment":[{"href":"https:\/\/www.villaggiosanpaolo.com\/fr\/wp-json\/wp\/v2\/media?parent=4218"}],"curies":[{"name":"wp","href":"https:\/\/api.w.org\/{rel}","templated":true}]}}

Fête de « sparesea »

<div  class="grids-section grids-is-advanced alignwide" style="--_gs-gap-desktop:0px 0px;--_gs-m-desktop:0 0 0 0;--_gs-p-desktop:0 0 0 0;--_gs-bg-desktop:transparent none;--_gs-bg-xp-desktop:0px;--_gs-zi-desktop:auto;--_gs-d-desktop:block;--_gs-mw-desktop:calc(100% - 0 - 0);--_gs-gap-tablet:0px 0px;--_gs-m-tablet:0 0 0 0;--_gs-p-tablet:0 0 0 0;--_gs-bg-tablet:transparent none;--_gs-bg-xp-tablet:0px;--_gs-zi-tablet:auto;--_gs-d-tablet:block;--_gs-mw-tablet:calc(100% - 0 - 0);--_gs-gap-mobile:0px 0px;--_gs-m-mobile:0 0 0 0;--_gs-p-mobile:0 0 0 0;--_gs-bg-mobile:transparent none;--_gs-bg-xp-mobile:0px;--_gs-zi-mobile:auto;--_gs-d-mobile:block;--_gs-mw-mobile:calc(100% - 0 - 0);--_gs-columns:12;--_gs-rows:6"><div class="grids-s-w_i">
<div class="grids-area" style="--_ga-column:1/14;--_ga-row:1/8;--_ga-m-desktop:0 0 0 0;--_ga-p-desktop:0 0 0 0;--_ga-bg-desktop:transparent none;--_ga-zi-desktop:auto;--_ga-d-desktop:flex;--_ga-mw-desktop:calc(100% - 0 - 0);--_ga-m-tablet:0 0 0 0;--_ga-p-tablet:0 0 0 0;--_ga-bg-tablet:transparent none;--_ga-zi-tablet:auto;--_ga-d-tablet:flex;--_ga-mw-tablet:calc(100% - 0 - 0);--_ga-m-mobile:0 0 0 0;--_ga-p-mobile:0 0 0 0;--_ga-bg-mobile:transparent none;--_ga-zi-mobile:auto;--_ga-d-mobile:flex;--_ga-mw-mobile:calc(100% - 0 - 0)">

<h1 class="wp-block-heading has-text-align-center">Fête de « sparesea »</h1>



<p class="has-text-align-center">Il s&rsquo;agit de la fête traditionnelle célébrée à Cavallino à l&rsquo;occasion de la fête des travailleurs (1er mai), qui met à l&rsquo;honneur l&rsquo;asperge, légume typique de la côte à cette époque.</p>

</div>
</div></div>

<p>1 mai à Cavallino</p>

Il s'agit de la fête traditionnelle célébrée à Cavallino à l'occasion de la fête des travailleurs (1er mai), qui met à l'honneur l'asperge, légume typique de la côte à cette époque.

Publié 3 ans il y a

Mis à jour 3 ans il y a

Publié le juillet 28, 2023

Mise à jour le juillet 28, 2023

Publié le juillet 28, 2023 2:20 pm

Mise à jour le juillet 28, 2023 3:13 pm

Priorités de traduction
